he greatest common divisor of t and 16?
16
Let v(m) = 2*m**3 - m**2 + 2*m - 1. Let a be v(1). Suppose -b + o + a = 0, 0*b - 4*o = 5*b - 28. What is the greatest common factor of 1 and b?
1
Let o be 8 - 117/15 - 368/(-10). Calculate the highest common factor of o and 148.
37
Let f = 30 + -17. Let g = f - 2. Calculate the greatest common divisor of 33 and g.
11
Let h be 5/((-10)/(-4)) - -17. Let w = 629 + -477. What is the greatest common factor of w and h?
19
Let w(z) = -3*z + 7. Let y be w(4). Let s be (-2097)/(-15) - 1/y. What is the greatest common factor of 28 and s?
28
Let w be (12 + -8)/(4/6). What is the highest common factor of w and 30?
6
Let h(k) = 3*k**3 - k**2 + 2*k - 1. Let l be h(1). What is the greatest common factor of l and 9?
3
Let g(s) = s**2 - 9*s - 14. Let k be g(-5). Calculate the greatest common factor of k and 28.
28
Let p(d) = -d**3 + 9*d**2 + 8. Let j be p(9). Let v = j + 5. Calculate the greatest common factor of v and 91.
13
Let o(b) = -b**3 + 9*b**2 + 13*b - 3. Let k be o(10). Calculate the highest common factor of 135 and k.
27
Let f be 5/((-15)/(-144)) - (0 - -4). Let u be 0 + 1 - -2*5. Calculate the highest common divisor of u and f.
11
Suppose -7*w + 6*w + 3 = 0. Calculate the highest common divisor of w and 9.
3
Let o = -53 - 5. Suppose 191 = -4*r + 35. Let h = r - o. Calculate the greatest common factor of h and 38.
19
Suppose -4*z + 2*z = -2, -4*j - 63 = 5*z. Let h = -3 - j. Calculate the highest common factor of 70 and h.
14
Suppose 110 - 30 = 2*u. Let i be 10/15 - 56/(-6). What is the highest common factor of u and i?
10
Suppose -3*l + 90 = 6. Suppose -35 = -j - 4*j. Calculate the highest common factor of j and l.
7
Let t be -1 + (-2 - -1 - -7). Suppose 0 = t*v - b - 200, -v - 5*b + 200 = 4*v. What is the highest common divisor of 10 and v?
10
Let o = 11 - 0. Let s = o - -16. Let u be ((-6)/8)/((-1)/12). What is the highest common factor of s and u?
9
Suppose -3*i + 810 = 4*l, i + 4*l - 68 = 202. Calculate the highest common factor of 30 and i.
30
Suppose -9*p + 192 = -3*p. Calculate the greatest common factor of p and 4.
4
Let p = 32 + -14. Calculate the highest common factor of 54 and p.
18
Suppose 0 = -2*n + b + 59, -4*n = 3*b - 31 - 102. What is the greatest common factor of n and 31?
31
Suppose 77 = n + 2*n + x, 0 = -3*x - 12. What is the greatest common divisor of 72 and n?
9
Let z be 6*1*(-15)/(-6). Calculate the greatest common factor of z and 5.
5
Let u = 2 - -8. Calculate the highest common divisor of u and 10.
10
Let m = 30 + -25. What is the greatest common divisor of 25 and m?
5
Let g be (1 + (-9)/6)*2. Let o(i) = -i**3 + 3*i**2 + 3*i + 1. Let y be o(4). Let x = g - y. Calculate the highest common divisor of x and 8.
2
Let t(z) = z**3 - 2*z**2 + 2*z + 7. Let c be t(3). What is the greatest common factor of c and 176?
22
Let v be (2926/(-28))/(2/(-4)). What is the greatest common factor of 19 and v?
19
Suppose 5*l = 116 + 124. What is the greatest common factor of 6 and l?
6
Let l(w) = w**2 - 9*w + 12. Let k be l(8). Suppose 0 = -4*o + 16 + k. Calculate the highest common factor of o and 5.
5
Let y(c) = 3 - 2*c + c**2 + 1 - 1 + 7*c. Let j be y(-5). Calculate the greatest common factor of j and 15.
3
Let b(h) = 28*h. Let c be b(6). Suppose y + 4*a = 5*y - c, -y + 48 = 2*a. Calculate the greatest common factor of 11 and y.
11
Let r(u) = 11*u - 7. Let h be r(3). What is the greatest common divisor of 182 and h?
26
Let n be (-261)/(-15) - 3/(-5). Let v = -8 + n. Calculate the greatest common divisor of v and 15.
5
Let d be (-10)/(-4)*(4 + 2 + 4). Calculate the greatest common factor of d and 5.
5
Let m = 201 + -128. Let f = -47 + m. What is the greatest common divisor of f and 78?
26
Let k(u) = 34*u**2 + 6*u + 2. Let x be k(-2). Calculate the greatest common divisor of 42 and x.
42
Suppose -v + 160 = 4*v. Let l = v - 6. What is the greatest common factor of 182 and l?
26
Suppose -5*i - 5*o + 21 = -19, 5*o + 59 = 4*i. What is the greatest common factor of 22 and i?
11
Suppose 3*m = 2*g - 18, g + 0*g + 5*m = 35. Let s be (-48)/g*(-6 - -1). Calculate the highest common divisor of 48 and s.
16
Let x = 26 - -4. What is the highest common factor of 15 and x?
15
Let j be -3 + 26 - (-4 + 3). Calculate the highest common factor of 3 and j.
3
Let n(t) = 3*t**2 + t - 1. Suppose 0 = -3*q - 5*f - 22, 2*f = 5*q + 3*f. Let j be n(q). Let h be 2*12*2/4. What is the greatest common divisor of h and j?
3
Suppose -4*a = -5*a + 17. Let v = a + -7. Calculate the highest common divisor of v and 10.
10
Let k be 1 + 2 + (-3 - 1). Let x be 0 + (k - 60/(-3)). What is the greatest common factor of 57 and x?
19
Suppose 185 = -2*u + 549. Let o be (-4)/(-6) + (-76)/(-3). Calculate the greatest common divisor of u and o.
26
Suppose 4*i + 1 = k - 1, -4*i + 34 = 5*k. Let u be -5*((-21)/(-15) - 2). Calculate the highest common divisor of u and k.
3
Suppose j + 6 = 4. Let z = 9 + j. What is the highest common divisor of 56 and z?
7
Let u = 49 - 48. Calculate the greatest common factor of 1 and u.
1
Let u(d) = d**3 + 2*d - 1. Let x be u(1). Suppose -v - v = -h + 3, 5*h + x*v = 39. Suppose 3*f - 140 = -2*f. What is the greatest common divisor of h and f?
7
Let z(c) = -97*c**3 + c**2 - c - 1. Suppose 0 = -4*s, 3*h + 5 = -2*h + s. Let q be z(h). What is the highest common divisor of 14 and q?
14
Let s = 16 - 34. Let b be (-14)/63 - 184/s. Calculate the greatest common factor of 30 and b.
10
Let r = 3 + -1. Suppose 4*f = r*v + 214, -2*f + f + 5*v + 76 = 0. Calculate the highest common divisor of 34 and f.
17
Let r(j) = -j**3 - 6*j**2 + 8*j + 5. Let s be r(-7). Let l be s*(0 - (-405)/(-6)). Suppose -3*v + 37 = -8. What is the greatest common factor of l and v?
15
Suppose 4*q - 63 = -3*q. Let m be (6/(-15))/((-1)/45). Calculate the highest common factor of m and q.
9
Let u(s) = 2*s + 12 - 3*s**3 + 5*s**3 - 3*s**2 - 3*s**3 - 13. Let x be u(-5). What is the greatest common factor of x and 26?
13
Suppose -5*r = -5 - 5. Let p(z) = -z**3 + 7*z**2 + z - 7. Let j be p(7). Suppose j*t = -t + 2. What is the highest common divisor of t and r?
2
Suppose 5*o + 28 = 7*o. Calculate the greatest common divisor of 2 and o.
2
Let p be (16/(-20))/(2/(-5)). Suppose 3 - 2 = -d. Let a(t) = -t. Let o be a(d). Calculate the greatest common divisor of o and p.
1
Let b(k) = -1 + 1 - k**2 - 1 + 2*k. Let p be b(4). Let h be 14/(0 + (-3)/p). What is the highest common divisor of 28 and h?
14
Let p be 1/((-2)/(5*-10)). Suppose 2*r - p - 135 = 0. Calculate the highest common factor of 10 and r.
10
Suppose -11*c - 25 = -16*c. What is the greatest common divisor of c and 35?
5
Let j(p) = 2*p**3 + 19*p**2 - 2. Let i be j(-8). Calculate the greatest common factor of i and 76.
38
Let f = -16 + 52. Suppose n = -n + f. What is the greatest common divisor of 90 and n?
18
Suppose 2*y + 2*a - 200 = -3*y, -y + a = -40. Let v = y - 12. Let p = v + -13. What is the greatest common factor of p and 45?
15
Suppose -4*z + x + 163 = -8, 2*x - 36 = -z. Suppose 4*t + 5*m = 19, -3*t - 3*m + 1 + 14 = 0. What is the highest common factor of t and z?
6
Suppose 3*y = -5*v + 26, 1 = -3*y + 5*v + 77. Suppose -10*k + 8*k = -8. Let p be -3*(k + 524/(-12)). What is the greatest common factor of y and p?
17
Let w be ((-3)/2)/((-1)/22). Let o be -4*2*(-363)/8. What is the greatest common factor of o and w?
33
Let k be 18*(4/((-16)/(-2)) + 0). Let t(f) = f**2 + 5*f. Let g be t(4). What is the greatest common factor of g and k?
9
Let w = 14 - 2. Calculate the greatest common factor of 30 and w.
6
Let l be (16/10)/(10/25). Let y be (l - 2) + (0 - -2). What is the greatest common factor of y and 32?
4
Let b be 2 + (-9)/((-36)/8). Let x(w) = -3*w + 8. Let k be x(-8). Calculate the highest common factor of b and k.
4
Suppose 5*u - 9 = 1. Let c = u + 4. What is the highest common factor of c and 3?
3
Let l be (4/(-2) - -1)*-6. Suppose -i + 4*d = -0*i + 4, -5*d + 20 = 0. What is the highest common factor of l and i?
6
Suppose -2*v = -64 - 104. What is the greatest common divisor of 12 and v?
12
Suppose 3*b - 28 = 20. Suppose 4*u = 30 + 130. What is the greatest common factor of u and b?
8
Let c = 56 - -8. Calculate the highest common factor of 96 and c.
32
Let s(p) = p - 10. Let b(m) = 2*m - 21. Let i(l)